-4*l(i) + 5*t(i). Calculate k(f).
2
Let g(z) = -11*z**3 + 3*z**3 - 2 - 2*z + 0*z. Let a = 334797 - 334798. Determine g(a).
8
Let w(o) = o**2 + 6*o + 1. Suppose 5*f - 178 = 2*a, 0*f + 33 = f - 3*a. Let j = 123 + -119. Suppose 3*s - 1 = -4*h, 4*s = -0*h + j*h - f. Calculate w(s).
-4
Suppose -2*p - 10*u + 21 = -11*u, 4*p + 4*u = 48. Let o(f) = -28*f + 9*f + p*f + 11*f - 1. Give o(2).
5
Let c(f) = -f**3 - 13*f**2 + 70*f - 2. Let n(z) = -z**2 + 92*z - 1328. Let x be n(74). Determine c(x).
6
Let q = 55 + -94. Let p = q - -45. Let n(y) = 2 + 0 + p*y - 2 + 5 + y**2. Calculate n(-4).
-3
Let f(s) = -s**2 + 22612 - 9*s - 45202 + 2*s**2 + 22612. What is f(9)?
22
Let n(y) = -5*y**3 - 2*y**2 - y + 1. Let q be 5*(11 - 672/60). Give n(q).
5
Let z(y) be the third derivative of -y**6/120 - y**5/30 + 13*y**4/24 + 3*y**3 - 4259*y**2. Calculate z(-5).
28
Let r(c) = -3*c + 13. Suppose 868 = -4*u - 4*t, 0 = -3*u - 4*t - 694 + 43. Let n = -208 - u. Calculate r(n).
-14
Let y(k) = -7*k - 15. Let b(g) = -1. Let h(t) = 4*b(t) + y(t). Determine h(4).
-47
Suppose 678 = 6*w + 444. Suppose 0 = 35*j - w*j + 24. Let o(a) = a**2 - a - 1. Let h(c) = 2*c**2 + 4*c - 5. Let u(g) = h(g) - 3*o(g). What is u(j)?
4
Let p(f) = f + 2. Let y = -159 - -141. Let h be 7 + 5/(30/y). Give p(h).
6
Let d(n) = n**3 + 5*n**2 + 3*n - 3. Suppose 0 = -3*b + 20 + 316. Suppose 11*v - 113 + 1389 = 0. Let k = v + b. Calculate d(k).
1
Suppose 4*o = -2*b - 2, 3*o + 25 = -2*o + 2*b. Let z be (39/4)/(o/(-8)). Suppose 2*g + y + 12 = 0, -y + 4*y = -4*g - z. Let a(j) = -j**2 + 5. Give a(g).
-20
Suppose 0 = -3*d - 2*q + 346, -q = 3*d + 2*q - 351. Suppose -6*c + d = 148. Let z(y) = y**3 + 7*y**2 + 7*y + 14. Give z(c).
8
Suppose -15*t + 30*t = 116*t. Let p(g) be the second derivative of 0 - 5/6*g**3 + 1/12*g**4 - 19*g + t*g**2. Determine p(3).
-6
Let n = 3 - 0. Let l(i) = 5*i + 6 - n*i + 0*i. Suppose 3*t - f = -18, -1066*f + 1063*f = -5*t - 26. Determine l(t).
-8
Let l(p) = 678*p - 79. Let x(z) = -59*z + 7. Let v(k) = -2*l(k) - 23*x(k). Suppose -u - u = -56. Suppose 0 = -3*i - i + u. Give v(i).
4
Let w(c) = 2*c**2 + 473*c + 520*c + 484*c + 513*c - 2045*c + 198. Determine w(4).
10
Let s be ((-77)/(-7) - 2) + -2. Suppose s*z = -2*t + 2*z - 27, -5*t = -z + 27. Let h(c) = -c - 6. Give h(t).
0
Let d(l) = 2*l + 18. Let b be (272/153)/((-2)/(-9)). Give d(b).
34
Let k(n) = 39*n**2 - 10 - n**3 - 33*n**2 - 142*n - 7 + 141*n. Calculate k(5).
3
Let x(d) = 5*d**2 - 2*d - 2. Let b(a) = -4*a**2 + 2*a. Let w(c) = 2*b(c) + 3*x(c). Calculate w(3).
51
Let m(p) = 6*p + 19. Let j(g) = -7*g - 24. Let r(a) = -4*a**3 - a**2 + 10*a - 9. Let i be r(1). Let w(q) = i*j(q) - 5*m(q). Determine w(-2).
5
Let d be (48/(-80))/((-9)/165). Let r(w) = -w + 31. Give r(d).
20
Let s(d) = -d**3 + 6*d**2 - 2*d - 5. Let r(i) = i**3 + 6*i**2 - 12*i + 4. Let u be r(-7). Let x be 10/(-15)*(3 + 48). Let v = x + u. Give s(v).
10
Let z(k) = k + 9. Suppose 3*b - 73 + 58 = 0. Suppose -2*j - 26 = -14*t + 18*t, -5*t - 65 = b*j. Calculate z(j).
-4
Let c(w) be the third derivative of w**6/120 - w**5/12 + w**4/12 + w**3/3 + 147*w**2. Let f be ((-4)/12)/((-22)/330). What is c(f)?
12
Suppose -1747*l + 1638*l = 436. Let u(c) = c**2 + 3*c - 1. Let b(d) = -d**2 - 3*d. Let z(q) = -4*b(q) - 5*u(q). What is z(l)?
1
Suppose -41*w - 616 = 15*w. Let g(l) = 12*l + 129. Give g(w).
-3
Let j(f) be the second derivative of -f**7/2520 + f**6/720 - f**5/120 + f**4/6 + 6*f**2 - 15*f + 3. Let p(a) be the third derivative of j(a). Calculate p(2).
-3
Let n(t) = t**2 - 5*t - 21. Let j be n(8). Suppose -q - 4 = -2*g, q + 1 = g - 0. Let r(l) = 9*l**q + 1 - 10*l**2 - 2*l + 6 - j. Determine r(-3).
1
Let j(i) = i. Let k(x) be the first derivative of x**2 - x + 64. Let o(g) = -j(g) - k(g). Determine o(2).
-5
Let p be (8/16 + (-85)/(-14))*7. Suppose 10 = 5*o, -5*l - p - 25 = 2*o. Let m(u) = u**2 + 15*u + 6. Determine m(l).
6
Let d be 1/((-11)/(-20)) - 8/(-44). Let z(o) = 39*o**2 + 15*o - 18. Let u(j) = -17*j**2 - 7*j + 8. Let p(w) = -9*u(w) - 4*z(w). Determine p(d).
-6
Let x(g) = -g**3 + 8*g**2 - g + 5. Let v be -5 - (11/2)/((-84)/(-8) + -11). Give x(v).
71
Suppose -4*u + 12 = 0, -4*s + 100 = -4*u - 96. Suppose 0 = 145*t - 158*t + s. Let r(d) = d**2 - 5*d + 6. Determine r(t).
2
Let i(y) = y**2 + 2*y - 78. Suppose -21*m + 3*m - 180 = 0. Calculate i(m).
2
Let g(o) = 264*o - 238. Let n(s) = 112*s - 121. Let q(w) = 3*g(w) - 7*n(w). Determine q(-9).
61
Suppose 0 = 4*h - y - 7, -40*h - 4*y = -36*h - 12. Let m(b) be the first derivative of -20 + 5/2*b**h - b. Give m(-4).
-21
Let w(n) = n**3 - 11*n**2 - 14. Let j = 121 - 47. Suppose -63 = k - j. Give w(k).
-14
Let x(d) = -165*d - 5. Let h(r) = 38*r + 1. Let j(n) = -13*h(n) - 3*x(n). Determine j(5).
7
Let p(u) = -5*u**2 + 5*u - 10. Let g(v) = v**3 + 26*v**2 - 24*v + 51. Let c(a) = -2*g(a) - 11*p(a). Let l be c(2). Let k(m) = -m**2 - 9*m. Determine k(l).
-10
Let b(u) = u**3 - 30*u**2 + 182*u + 137. Let s be b(21). Let h(w) = w - 49. What is h(s)?
-59
Let s(h) = h**2 - 55*h + 734. Let q be s(32). Let m(a) = -40*a - 4. Determine m(q).
76
Let s(q) be the third derivative of -q**5/60 + q**4/24 - 55*q**2. Let d(n) = 4*n**2 - 3*n. Let w(o) = 5*d(o) + 15*s(o). Give w(-1).
5
Suppose -469*f + 470*f + 11 = 0. Let c(z) be the second derivative of z**4/12 + 5*z**3/3 - 15*z**2/2 - 28*z. Calculate c(f).
-4
Let l be (0/(-3 + 7))/(-2). Suppose l = -5*n - 3*t - 0*t + 34, -t = -2*n + 7. Let o(k) = 0 + n*k + 1 + 5. Give o(-4).
-14
Let l(f) = 24 - 16*f - 4*f**2 - f**2 + 4*f**2 + 7*f. Suppose 137 + 105 = -22*q. Determine l(q).
2
Let i(u) be the first derivative of 25*u**2/2 + 130*u + 2338. Give i(-5).
5
Suppose 0 = 32*c + 23*c - 73*c + 72. Let j be ((-24)/(-10))/(2/30). Suppose -3*k + 1 - j = -4*t, 5*t = c*k + 45. Let u(x) = -x**2 + x - 4. Calculate u(t).
-24
Let a(r) = 49*r**2 + 1569*r + 38. Let w be a(-32). Let l(h) = -h**3 + 3*h**2 + 20*h - 3. Determine l(w).
9
Let p(b) = 778 - 392 - b - 391. Let x(v) = v**2 + 4*v + 7. Let a be x(-2). Let h(q) = -2*q**2 + 7*q - 8. Let s be h(a). What is p(s)?
0
Let g(j) = -j**2 - 16*j - 1. Suppose -z - 32 = -4*d, 6*z - 36 = 7*z - 5*d. Let p be g(z). Let y(c) = -3*c**2 - 2*c - 1. Calculate y(p).
-2
Suppose -5*a + 11 = 6. Suppose 36*w + a = 37*w. Let u(q) = -4. Let y(t) = t + 5. Let x(o) = -4*u(o) - 3*y(o). Calculate x(w).
-2
Let n = 2628 + -2640. Let g(c) = -c**3 - 12*c**2 - 2*c + 13. Give g(n).
37
Let v(o) = -2*o**2 - 2*o + 79. Let b = -12163 + 12169. Determine v(b).
-5
Let h(a) = -115401*a - 6 - a**2 + 57697*a + 57696*a. Give h(-5).
9
Let c(s) = -42*s**2 + 19*s + 136. Let r(j) = -59*j**2 + 29*j + 204. Let a(y) = -7*c(y) + 5*r(y). What is a(16)?
4
Let p(y) be the second derivative of -y**5/20 + 11*y**4/12 - y**3/2 + 49*y**2/2 - 2360*y. What is p(11)?
16
Suppose -5*u + 0*z = 3*z - 22, 0 = u + 5*z. Let r(b) = -b**3 + 5*b**2 - 4*b + 5. Let x(v) = 1. Let s(m) = r(m) - 5*x(m). What is s(u)?
-20
Let f(b) be the third derivative of -b**7/2520 - b**6/120 - b**5/60 + 5*b**4/24 - b**3/2 - 38*b**2. Let v(t) be the second derivative of f(t). Determine v(-5).
3
Let h be 1/(465/(-540) - (-9)/12). Let y be (-8)/(-4) + -1 + 1. Let k(z) = -z + 1. Let p(m) = -m - 14. Let d(v) = y*k(v) + p(v). Calculate d(h).
15
Let i(f) be the first derivative of f**3/3 - 3*f**2 - 7*f - 763. Calculate i(7).
0
Let p(d) = -d**2 + 4*d + 9. Let x be p(6). Suppose -7*q = 111 - 321. Let a(n) = -10*n**2 + 0 + 11*n**2 - 4 - 27*n + q*n. Calculate a(x).
-4
Let i(h) = 6*h. Let d = -121 - -154. Suppose -10*a + d = 3. What is i(a)?
18
Let m(v) be the third derivative of v**5/60 - v**4/12 + v**3 + 25*v**2 - 4. Give m(6).
30
Let d be ((-6)/12)/((-3)/(-42)) + 3. Let x(h) = 2*h + 3. Give x(d).
-5
Let z(w) = 0*w - 43*w**3 + 41*w**3 - 1 + w + w**2. Let b = 265 + -264. Determine z(b).
-1
Let f(d) be the second derivative of d**5/20 - 5*d**4/6 + d**3 + 5*d**2/2 + d. Let x(g) = g**3 + 85*g**2 - 4836*g + 9. Let n be x(39). Determine f(n).
-22
Let w(t) = -2*t**2 - 23*t + 12. Let s = 1 + -258. Let h = s + 245. Calculate w(h).
0
Let i(r) = -39*r**2 - 1. Let f(z) = 22*z**2 + 177*z + 9. Let c be f(-8). Determine i(c).
-40
Suppose 0 = 2*s + l - 85, -3*l + 8 = s - 42. Suppose -2*h + 47 = s. Let y(o) = -3 + 0*o + 0*o + h*o. Calculate y(2).
3
Let i(c) = 3*c - 2. Suppose -d - 28 = -u + 3*u, 0 = -3*u + 4*